-24 + 21. Calculate z(v).
-10
Let a(k) be the first derivative of k**2/2 - 4*k + 10. Calculate a(0).
-4
Let y(f) = -f**2 + f + 1. Suppose 2*w + 18 = 2*n, 2*w = -2*w + n - 30. Let x = 11 + w. Give y(x).
-11
Let i = 47 + -53. Let c(x) = x + 7. Determine c(i).
1
Let w(r) = -6 + 2*r**2 + 4*r - 3*r**2 - 4*r**2 - r**3 - 3*r**2 + 4*r**2. Let p = 3 + -8. Calculate w(p).
-1
Let r(o) = 2*o**3 - o**2 + 2. Let w(j) = -j**3 - 1. Let y(g) = 2*r(g) + 3*w(g). Suppose n + b = 1, 4*n - 2*b = -b - 6. Determine y(n).
-2
Let f(i) = 15 - 27 + 11 + i. Let u(m) = -4*m - 1. Suppose 5*v - 4 = 11. Let r(g) = v*f(g) + u(g). Calculate r(0).
-4
Let p(v) be the first derivative of v**2/2 + v + 2. Let q(g) = -g + 4. Let z be q(5). Let h be 6/2 + 9*z. What is p(h)?
-5
Let o(m) be the first derivative of -m**2/2 - 4*m + 5. Determine o(-3).
-1
Let y(d) = -d**3 - 6*d**2 - 5. Let f(p) = p**2 - 10*p + 10. Let g be f(8). Determine y(g).
-5
Let z = 106 - 113. Let w(i) = -i**3 - 8*i**2 - 7*i + 4. Determine w(z).
4
Let a(j) = -6*j + 1. Let k be a(1). Let r(u) = u + 1. Let i(b) = -b**2 + b + 3. Let l(p) = -i(p) + 4*r(p). What is l(k)?
11
Let t(n) = -n**2 - 2*n - 5. Let r = 5 + 0. Let o(y) be the third derivative of y**4/24 + y**3/6 + y**2. Let h(m) = r*o(m) + t(m). What is h(4)?
-4
Let g be 2/3 + 69/(-9). Let w(a) = a + 6. Let o be w(g). Let t(p) be the third derivative of 3*p**4/8 + p**3/6 - 2*p**2. What is t(o)?
-8
Let v(b) = 0*b - 3 - 5*b + 9*b - b**2. Determine v(2).
1
Let x(q) = q**3 - 3*q**2 - q - 4. Let y(o) = 3*o**3 - 10*o**2 - 3*o - 13. Let k(t) = 7*x(t) - 2*y(t). Calculate k(2).
0
Let n = 2 + 0. Let i(r) = -5*r**3 + 4*r**3 + r**3 - r**3 + 2 + r**2. Give i(n).
-2
Let r(k) be the first derivative of k**3/3 + 3*k**2 - 6*k - 12. Let n = -9 + 3. What is r(n)?
-6
Let q = 11 + -5. Let r(w) = 3 - 3 - 4*w + 2*w**2 - w**2 + q. Let l = 11 + -7. Give r(l).
6
Let s(i) be the third derivative of -i**5/60 + 7*i**4/12 - 3*i**3 + 37*i**2. Calculate s(13).
-5
Suppose 4*l + 4*n - 8 = 0, -20 = -6*n + 2*n. Let c(w) = -7*w**2 - w - 7. Let r(k) = -k**2 - k**2 - 1 + k**2. Let a(s) = c(s) - 6*r(s). Give a(l).
-7
Let b(q) = -7*q**2 - q - 4. Let z(c) = 2*c**2 + 1. Let j(r) = -2*b(r) - 9*z(r). Suppose 0 = -3*i + 3*y + 9, y - 3 + 8 = 3*i. Give j(i).
-3
Suppose 3*t = -7 - 2. Let r(m) be the first derivative of m**4/4 + 4*m**3/3 + 3*m**2/2 - 2*m + 1. Determine r(t).
-2
Let v(a) = a**2 + a - 5. Let t = 2 - -3. Let u = t - 1. Suppose u*r + 0*r = 0. Give v(r).
-5
Let g(v) = -v**2 - 6*v - 1. Let a(y) be the third derivative of y**6/120 - y**5/60 - 7*y**4/24 - y**3/6 + 4*y**2. Let f(j) = -5*a(j) + 6*g(j). Give f(-1).
4
Let d(r) = r - 11. Let m be d(11). Suppose m + 6 = 3*g. Let b(v) = 0*v + 3*v - g*v. Give b(1).
1
Let y(c) = c**2 - 5*c - 1. Let p be y(6). Let w be 52/6 + 2/(-3). Suppose -p*s = -s - w. Let x(d) = d**3 - 2*d**2 - 3*d + 2. Give x(s).
-4
Suppose 2*w - 2*v - 18 = 0, -w + 3*v = -2*w + 5. Let q(s) = 10 - w*s + 6*s + 4*s - 4. Let y = 0 + -5. Give q(y).
-4
Let m(k) = 9*k**3 + k**2 - k - 1. Let j(y) = y**2 - 5*y + 3. Let c be j(1). What is m(c)?
-8
Let g(h) = -3*h + 3*h**3 - 12*h**2 - 4*h**3 + 3 + 8*h**2 + 5*h**2. Determine g(2).
-7
Let p(l) = 5*l**3 - 9*l**2 + 20*l + 11. Let x(c) = -2*c**3 + 3*c**2 - 7*c - 4. Let m(g) = 3*p(g) + 8*x(g). Give m(-4).
1
Let w(q) = -3*q + 10. Suppose 3*d + 28 = -d. Let n(x) = -x**2 - 2*x + 1. Let v be n(-3). Let b(o) = 10*o - 31. Let y(h) = d*w(h) + v*b(h). What is y(5)?
-3
Let a be 10/2*(6 - 5). Suppose -b + 0*i = -2*i - 2, -4*b + a = -5*i. Let m(q) = q**2 + 3. Give m(b).
3
Let p(r) = 10*r**3 + r**2 - 1. Let q(t) = -t**2 + 5*t + 5. Let o = 10 - 4. Let f be q(o). Calculate p(f).
-10
Let v = 11 - 7. Let j(m) = -4*m + 5. Determine j(v).
-11
Let a(k) = -k**3 - 6*k**2 + 7*k + 8. Let z be a(-7). Let b(j) = -3 - z + j - 1. Suppose -4*u - m + 25 = 0, 3*u + 0*m = -2*m + 20. What is b(u)?
-6
Let a(d) = -4*d**2 + 34*d + 17. Let b(p) = -p**2 + 11*p + 6. Let u(w) = 2*a(w) - 7*b(w). What is u(-6)?
10
Let n(m) = m**3 - m**2 + 3 + 3*m**2 + 0*m**2. Suppose 2*a + 25 = -3*p + 3*a, 5*a = -p - 3. Let t = p + 5. Give n(t).
-6
Let y = -21 - -13. Let b(z) = -z**3 - 9*z**2 - 8*z - 5. Let t be b(y). Let u(l) = -l**3 - 4*l**2 + 5*l. Calculate u(t).
0
Let h(q) = 14*q**2 + 1 + 1 + 3*q + q**3 - 16*q**2. Let z(d) = -3*d**3 + 4*d**2 - 5*d - 4. Let w(f) = 5*h(f) + 2*z(f). Calculate w(-3).
-4
Let g be 3/((-3)/(-3) + 0). Let n(m) = 2*m + 2. What is n(g)?
8
Let y = -3 + 9. Let a = -6 + 7. Let g(o) = -a + 3 - y - o. Determine g(-5).
1
Let j(s) = -6*s**3 - 4*s**2 - 9*s - 11. Let t(i) = 7*i**3 + 3*i**2 + 9*i + 12. Let k(b) = -6*j(b) - 5*t(b). What is k(-8)?
-2
Let m(q) = q**2 + 6*q - 3. Let x(j) = j**3 + j**2 - 7. Let a be x(0). Give m(a).
4
Suppose 0 = -3*a - 4*i + 23, -3*a - 2*i = -3*i - 43. Suppose -5*p = -s + 28, -3*p - 11 = -3*s + a. Let x(j) = -j**2 + 3*j - 2. Calculate x(s).
-2
Let k = 5 - 1. Let t(m) = m**2 + 1 - 1 - 3*m - k. Give t(3).
-4
Suppose 5*f = 4*f - 6. Let k(j) = j**2 + 4*j - 5. Calculate k(f).
7
Let p be ((-3)/(-6))/((-1)/(-10)). Let b(r) be the third derivative of 2*r**2 + 1/120*r**6 + r**3 - 1/12*r**5 + 0 + 0*r**4 + 0*r. Give b(p).
6
Let j(a) be the second derivative of a**5/20 + 5*a**4/12 - a**3/6 - a**2/2 - a + 7. Let b(i) = i**3 + i**2 + 2*i + 3. Let l be b(-2). Give j(l).
4
Let i(t) = -t**3 - 6*t**2 + 4. Let j be (-2 - -6)*15/(-10). Calculate i(j).
4
Suppose -5*h - 23 = -78. Let f(t) = 4*t + t - 8*t**2 - t**3 - 2 + h*t**2. Determine f(4).
2
Let v(l) = -l**2 - 6*l + 9. Let q be v(-7). Let k = 3 - 3. Let p(y) = -2*y**q + k*y**2 - y + y**3 + y**2. Calculate p(-1).
-1
Let q(s) = s**3 - 14*s**2 + s - 19. Let v be q(14). Let n(i) = i**3 + 5*i**2 - i - 1. What is n(v)?
4
Let m(z) = 2*z + 7*z**2 - 3 - 2*z**2 + z**3 + 0*z**2. Suppose 33 = -15*f + 4*f. What is m(f)?
9
Let j be -3*(-24)/(-9) - -2. Let z(g) = -g**2 - 5*g + 6. Give z(j).
0
Let y(i) = -2*i + 1. Suppose 0 = 6*a - 3 - 3. Give y(a).
-1
Let x(w) = w - 1. Let f be x(-2). Let n(j) be the second derivative of j**3/3 + j**2 - 29*j. Calculate n(f).
-4
Let k(i) be the first derivative of -i**2/2 + 3*i - 5. What is k(-4)?
7
Let n(p) be the second derivative of p**4/12 + 4*p**3/3 + 3*p**2 - 17*p. Give n(-8).
6
Let x(d) = 4*d**2 - 6*d - 7. Let y(g) = 5*g**2 - 6*g - 8. Let s(p) = -7*x(p) + 6*y(p). Give s(-4).
9
Let l = -9 + 5. Let a be (-4)/(-3) + (-4)/(-6). Let b(q) = -a + 3*q - 5*q - 2. What is b(l)?
4
Let l(g) be the third derivative of 7*g**6/120 + g**4/24 - 7*g**2. Give l(1).
8
Let h(j) = -j**3 + 3*j**2 + 3. Let u be h(3). Let w(a) = -12 - a - a + u*a. Suppose -17 - 9 = -2*x + 4*i, x + 2*i + 3 = 0. Give w(x).
-7
Let s(r) be the second derivative of -r**3/6 - 2*r**2 - 8*r. Determine s(5).
-9
Suppose -5*n = -3*x + 1 + 8, -5*x + 15 = 5*n. Let u(a) = -4 + 4 + 2 + 2*a + 7*a**2 - x. Let k(j) = -j**3 - 4*j**2 - 4*j - 2. Let g be k(-3). What is u(g)?
8
Let l(j) = -j**3 + 7*j**2 + j + 9. Let k(x) = -6*x**3 + 35*x**2 + 4*x + 45. Let s(u) = -2*k(u) + 11*l(u). Determine s(-7).
-12
Let x(w) = w**2 + 6*w + 1. Let i = 16 + -21. What is x(i)?
-4
Let f(w) = w**3 - 4*w**2 + 4. Suppose 3*d = -d + 16. Let g be f(d). Suppose 0*k = -4*k + g. Let i(j) = -2*j**2. Give i(k).
-2
Let v(y) = y**3 + 3*y**2 - 2*y + 1. Let z(s) = 2*s**3 + 7*s**2 - 4*s + 2. Let t(m) = 7*v(m) - 3*z(m). Give t(2).
5
Let m(t) = -2*t**2 - 8*t - 5. Let c(u) = -2*u**2 - 9*u - 6. Let q(o) = -3*c(o) + 4*m(o). Calculate q(-3).
-5
Let o(j) = j**3 - 3*j**2 - 5*j + 5. Let v be o(4). Let c be (v - (5 + -2)) + 3. Let z(d) = 12*d**2 + d - 1. Determine z(c).
12
Let r(g) = -g**3 - 4*g**2 + 4*g - 3. Suppose -44 = -v - 3*t, -5*v + 3*t + 139 = -63. Suppose 2*f - 5*f = -2*p + 2, -5*p = 4*f + v. Determine r(p).
2
Let p(l) = 3 + 3*l - 5*l**2 + 0*l**2 - l + 3*l**2. Calculate p(-2).
-9
Let p(j) = -j**3 + 7*j**2 - 3. Let f be p(7). Let g = 6 - 4. Let w(r) = -r - 3*r**g + 2*r**2 + 4*r - 5*r. Determine w(f).
-3
Let w(p) be the third derivative of 0*p + p**2 - 2/3*p**3 + 0 - 1/24*p**4. Suppose 4*j = -4*g - 8, 15 = -4*g - 0*j + 3*j. Give w(g).
-1
Let z(i) = i - 3. Let g(m) = -m**3 - 8*m**2 + 6*m - 22. Let k be g(-9). Calculate z(k).
2
Let y = 6 - 11. Let s = y + 2. Let z(k) = k + 2*k - 4*k. What is z(s)?
3
Let x(q) = 2 + 11*q + q**2 - 6*q - 2*q. Let g = 8 + -11. What is x(g)?
2
Let m(g) = 5*g - 2. Let c be (0 - 18)